en 1796 is divided by 40?
36
Calculate the remainder when 36 is divided by 15.
6
What is the remainder when 525 is divided by 136?
117
Calculate the remainder when 320 is divided by 266.
54
Calculate the remainder when 58 is divided by 12.
10
What is the remainder when 1015 is divided by 9?
7
Calculate the remainder when 3003 is divided by 9.
6
What is the remainder when 222 is divided by 25?
22
Calculate the remainder when 496 is divided by 6.
4
Calculate the remainder when 983 is divided by 8.
7
What is the remainder when 393 is divided by 39?
3
What is the remainder when 106 is divided by 18?
16
What is the remainder when 138 is divided by 28?
26
What is the remainder when 332 is divided by 21?
17
Calculate the remainder when 71 is divided by 19.
14
What is the remainder when 200 is divided by 65?
5
Calculate the remainder when 5955 is divided by 20.
15
Calculate the remainder when 16 is divided by 14.
2
Calculate the remainder when 149 is divided by 45.
14
Calculate the remainder when 21417 is divided by 51.
48
What is the remainder when 93 is divided by 16?
13
What is the remainder when 2145 is divided by 6?
3
Calculate the remainder when 2834 is divided by 1399.
36
Calculate the remainder when 160 is divided by 150.
10
Calculate the remainder when 870 is divided by 18.
6
Calculate the remainder when 1383 is divided by 153.
6
What is the remainder when 10538 is divided by 17?
15
Calculate the remainder when 360 is divided by 11.
8
Calculate the remainder when 41 is divided by 14.
13
What is the remainder when 96 is divided by 42?
12
Calculate the remainder when 224 is divided by 104.
16
Calculate the remainder when 508 is divided by 200.
108
Calculate the remainder when 3960 is divided by 14.
12
Calculate the remainder when 1124 is divided by 222.
14
Calculate the remainder when 938 is divided by 92.
18
Calculate the remainder when 133 is divided by 48.
37
What is the remainder when 394 is divided by 11?
9
Calculate the remainder when 257 is divided by 116.
25
Calculate the remainder when 43 is divided by 27.
16
Calculate the remainder when 102 is divided by 14.
4
What is the remainder when 124 is divided by 27?
16
Calculate the remainder when 104 is divided by 25.
4
Calculate the remainder when 452 is divided by 113.
0
What is the remainder when 176 is divided by 90?
86
What is the remainder when 662 is divided by 174?
140
What is the remainder when 1726 is divided by 64?
62
Calculate the remainder when 899 is divided by 293.
20
Calculate the remainder when 896 is divided by 893.
3
Calculate the remainder when 150 is divided by 39.
33
What is the remainder when 432 is divided by 63?
54
Calculate the remainder when 633 is divided by 53.
50
Calculate the remainder when 19349 is divided by 59.
56
What is the remainder when 1949 is divided by 16?
13
Calculate the remainder when 226 is divided by 23.
19
What is the remainder when 1647 is divided by 8?
7
Calculate the remainder when 109 is divided by 22.
21
What is the remainder when 208 is divided by 4?
0
What is the remainder when 3959 is divided by 44?
43
Calculate the remainder when 260 is divided by 131.
129
What is the remainder when 317 is divided by 13?
5
What is the remainder when 160 is divided by 101?
59
What is the remainder when 896 is divided by 12?
8
Calculate the remainder when 2357 is divided by 139.
133
What is the remainder when 1418 is divided by 43?
42
What is the remainder when 783 is divided by 131?
128
What is the remainder when 603 is divided by 23?
5
What is the remainder when 134 is divided by 37?
23
What is the remainder when 689 is divided by 15?
14
Calculate the remainder when 344 is divided by 15.
14
Calculate the remainder when 178 is divided by 54.
16
Calculate the remainder when 300 is divided by 38.
34
What is the remainder when 516 is divided by 19?
3
Calculate the remainder when 104 is divided by 26.
0
What is the remainder when 362 is divided by 91?
89
Calculate the remainder when 20 is divided by 20.
0
What is the remainder when 37 is divided by 34?
3
What is the remainder when 195 is divided by 6?
3
Calculate the remainder when 260 is divided by 79.
23
Calculate the remainder when 1392 is divided by 34.
32
Calculate the remainder when 3369 is divided by 75.
69
Calculate the remainder when 541 is divided by 42.
37
What is the remainder when 56 is divided by 19?
18
Calculate the remainder when 1865 is divided by 21.
17
What is the remainder when 579 is divided by 74?
61
Calculate the remainder when 638 is divided by 40.
38
What is the remainder when 4837 is divided by 41?
40
Calculate the remainder when 492 is divided by 174.
144
Calculate the remainder when 321 is divided by 119.
83
Calculate the remainder when 518 is divided by 40.
38
What is the remainder when 1248 is divided by 22?
16
What is the remainder when 1407 is divided by 64?
63
What is the remainder when 53 is divided by 34?
19
Calculate the remainder when 101 is divided by 34.
33
What is the remainder when 376 is divided by 77?
68
Calculate the remainder when 3115 is divided by 344.
19
What is the remainder when 805 is divided by 13?
12
What is the remainder when 3643 is divided by 81?
79
Calculate the remainder when 2198 is divided by 183.
2
What is the remainder when 1008 is divided by 46?
42
What is the remainder when 284 is divided by 43?
26
Calculate the remainder when 160 is divided by 22.
6
Calculate the remainder when 2185 is divided by 137.
130
What is the remainder when 321 is divided by 88?
57
What is the remainder when 119 is divided by 64?
55
Calculate the remainder when 231 is divided by 60.
51
What is the remainder when 139 is divided by 25?
14
What is the remainder when 2888 is divided by 577?
3
What is the remainder when 382 is divided by 48?
46
Calculate the remainder when 248 is divided by 17.
10
Calculate the remainder when 38 is divided by 35.
3
What is the remainder when 1587 is divided by 230?
207
Calculate the remainder when 17055 is divided by 52.
51
What is the remainder when 271 is divided by 114?
43
Calculate the remainder when 160 is divided by 48.
16
What is the remainder when 2665 is divided by 13?
0
What is the remainder when 2902 is divided by 6?
4
What is the remainder when 56 is divided by 30?
26
Calculate the remainder when 68 is divided by 17.
0
Calculate the remainder when 4338 is divided by 43.
38
What is the remainder when 427 is divided by 364?
63
What is the remainder when 11985 is divided by 108?
105
What is the remainder when 149 is divided by 141?
8
What is the remainder when 860 is divided by 32?
28
What is the remainder when 2322 is divided by 166?
164
Calculate the remainder when 343 is divided by 94.
61
Calculate the remainder when 585 is divided by 28.
25
What is the remainder when 1495 is divided by 212?
11
Calculate the remainder when 2016 is divided by 106.
2
Calculate the remainder when 1604 is divided by 36.
20
Calculate the remainder when 590 is divided by 20.
10
What is the remainder when 3835 is divided by 766?
5
Calculate the remainder when 194 is divided by 23.
10
Calculate the remainder when 795 is divided by 393.
9
What is the remainder when 608 is divided by 26?
10
Calculate the remainder when 49 is divided by 29.
20
What is the remainder when 100 is divided by 38?
24
What is the remainder when 495 is divided by 113?
43
What is the remainder when 105 is divided by 33?
6
What is the remainder when 3297 is divided by 118?
111
What is the remainder when 38 is divided by 11?
5
Calculate the remainder when 501 is divided by 36.
33
What is the remainder when 309 is divided by 48?
21
What is the remainder when 661 is divided by 29?
23
What is the remainder when 293 is divided by 31?
14
Calculate the remainder when 197 is divided by 65.
2
What is the remainder when 1334 is divided by 7?
4
What is the remainder when 557 is divided by 219?
119
What is the remainder when 12599 is divided by 225?
224
What is the remainder when 479 is divided by 81?
74
What is the remainder when 42958 is divided by 17?
16
What is the remainder when 548 is divided by 23?
19
What is the remainder when 128 is divided by 10?
8
Calculate the remainder when 897 is divided by 365.
167
Calculate the remainder when 144 is divided by 127.
17
What is the remainder w